{"id":64,"date":"2019-10-04T09:37:25","date_gmt":"2019-10-04T09:37:25","guid":{"rendered":"http:\/\/schoenes-wolkersdorf.de\/?page_id=64"},"modified":"2019-10-31T20:12:47","modified_gmt":"2019-10-31T19:12:47","slug":"buergerinitiative-gegen-die-ansiedlung-des-rinderzuchtverbandes-in-wolkersdorf","status":"publish","type":"page","link":"https:\/\/schoenes-wolkersdorf.de\/","title":{"rendered":"B\u00fcrgerinitiative gegen die Ansiedlung des Rinderzuchtverbandes in Wolkersdorf"},"content":{"rendered":"\n<ul class=\"wp-block-gallery columns-2 is-cropped wp-block-gallery-1 is-layout-flex wp-block-gallery-is-layout-flex\"><li class=\"blocks-gallery-item\"><figure><img loading=\"lazy\" decoding=\"async\" width=\"663\" height=\"373\" src=\"https:\/\/schoenes-wolkersdorf.de\/wp-content\/uploads\/2019\/10\/Chiemgau24_2019-10-31_19-32-48.png\" alt=\"\" data-id=\"304\" data-link=\"https:\/\/schoenes-wolkersdorf.de\/?attachment_id=304\" class=\"wp-image-304\" srcset=\"https:\/\/schoenes-wolkersdorf.de\/wp-content\/uploads\/2019\/10\/Chiemgau24_2019-10-31_19-32-48.png 663w, https:\/\/schoenes-wolkersdorf.de\/wp-content\/uploads\/2019\/10\/Chiemgau24_2019-10-31_19-32-48-300x169.png 300w\" sizes=\"auto, (max-width: 663px) 100vw, 663px\" \/><figcaption><strong>B\u00fcrgerinitiative r\u00fcstet f\u00fcr B\u00fcrgerbegehren: &#8222;Sind eine breite Macht&#8220;<\/strong><br><a rel=\"noreferrer noopener\" aria-label=\" (\u00f6ffnet in neuem Tab)\" href=\"https:\/\/www.chiemgau24.de\/chiemgau\/traunstein\/traunstein-ort29586\/traunstein-buergerinitiative-wolkersdorf-ruestet-sich-buergerbegehren-gegen-rinderzuchtverband-13165134.html\" target=\"_blank\">https:\/\/www.chiemgau24.de\/chiemgau\/traunstein\/traunstein-ort29586\/traunstein-buergerinitiative-wolkersdorf-ruestet-sich-buergerbegehren-gegen-rinderzuchtverband-13165134.html<\/a><\/figcaption><\/figure><\/li><li class=\"blocks-gallery-item\"><figure><img loading=\"lazy\" decoding=\"async\" width=\"962\" height=\"591\" src=\"https:\/\/schoenes-wolkersdorf.de\/wp-content\/uploads\/2019\/10\/RZV-stoppt-Plaene_2019-10-31_19-34-14.png\" alt=\"\" data-id=\"305\" data-link=\"https:\/\/schoenes-wolkersdorf.de\/?attachment_id=305\" class=\"wp-image-305\" srcset=\"https:\/\/schoenes-wolkersdorf.de\/wp-content\/uploads\/2019\/10\/RZV-stoppt-Plaene_2019-10-31_19-34-14.png 962w, https:\/\/schoenes-wolkersdorf.de\/wp-content\/uploads\/2019\/10\/RZV-stoppt-Plaene_2019-10-31_19-34-14-300x184.png 300w, https:\/\/schoenes-wolkersdorf.de\/wp-content\/uploads\/2019\/10\/RZV-stoppt-Plaene_2019-10-31_19-34-14-768x472.png 768w\" sizes=\"auto, (max-width: 962px) 100vw, 962px\" \/><figcaption><strong>Rinderzuchtverband legt Pl\u00e4ne f\u00fcr Neubau in Wolkersdorf vorerst auf Eis<\/strong><br><a rel=\"noreferrer noopener\" aria-label=\" (\u00f6ffnet in neuem Tab)\" href=\"https:\/\/www.traunsteiner-tagblatt.de\/region\/landkreis-traunstein\/traunstein_artikel,-rinderzuchtverband-legt-plaene-fuer-neubau-in-wolkersdorf-vorerst-auf-eis-_arid,527163.html\" target=\"_blank\">https:\/\/www.traunsteiner-tagblatt.de\/region\/landkreis-traunstein\/traunstein_artikel,-rinderzuchtverband-legt-plaene-fuer-neubau-in-wolkersdorf-vorerst-auf-eis-_arid,527163.html<\/a><\/figcaption><\/figure><\/li><li class=\"blocks-gallery-item\"><figure><img loading=\"lazy\" decoding=\"async\" width=\"327\" height=\"116\" src=\"https:\/\/schoenes-wolkersdorf.de\/wp-content\/uploads\/2019\/10\/Nein_2019-10-31_20-01-41-1.png\" alt=\"\" data-id=\"316\" data-link=\"https:\/\/schoenes-wolkersdorf.de\/?attachment_id=316\" class=\"wp-image-316\" srcset=\"https:\/\/schoenes-wolkersdorf.de\/wp-content\/uploads\/2019\/10\/Nein_2019-10-31_20-01-41-1.png 327w, https:\/\/schoenes-wolkersdorf.de\/wp-content\/uploads\/2019\/10\/Nein_2019-10-31_20-01-41-1-300x106.png 300w\" sizes=\"auto, (max-width: 327px) 100vw, 327px\" \/><figcaption><strong>Abstimmungsergebnis Chiemgau24 &#8211; Stand 31.10.2019<\/strong><br><a rel=\"noreferrer noopener\" aria-label=\" (\u00f6ffnet in neuem Tab)\" href=\"https:\/\/tools.pinpoll.com\/embed\/82594\" target=\"_blank\">https:\/\/tools.pinpoll.com\/embed\/82594<\/a><\/figcaption><\/figure><\/li><\/ul>\n\n\n\n<div class=\"wp-block-image\"><figure class=\"alignright\"><img loading=\"lazy\" decoding=\"async\" width=\"150\" height=\"150\" src=\"https:\/\/schoenes-wolkersdorf.de\/wp-content\/uploads\/2019\/10\/Wolkerdorf-Ortsschild-150x150.jpg\" alt=\"\" class=\"wp-image-102\"\/><\/figure><\/div>\n\n\n\n<p class=\"has-medium-font-size\"><strong> Wir wehren uns gegen<\/strong><\/p>\n\n\n\n<ul class=\"wp-block-list\"><li>den \u00f6kologischen Wahnsinn, der mit gro\u00dffl\u00e4chiger Versiegelung auf einem 15.000 m\u00b2 gro\u00dfen Grundstu\u0308ck am Su\u0308drand unseres Dorfes entstehen soll<\/li><li>das Verkehrschaos in unseren engen Dorfstra\u00dfen, das durch die An- und Ablieferung der Tiere, sowie der Besucher entsteht<\/li><li>die Ger\u00e4usch- und Geruchsentwicklung, die ein derartiger Gro\u00dfbetrieb mit sich bringt<\/li><li>den Verlust von Wohn- und Lebensqualit\u00e4t zum Preis von Gewerbesteuer<\/li><li>die Umwandlung von geplantem Wohngebiet in Sondergebiet\/Gewerbefl\u00e4chen<\/li><\/ul>\n\n\n\n<p style=\"text-align:center\"><br><br><br>V.i.s.d.P. Peter Hierstetter, Hohensteinstr. 25, 83278 Traunstein<\/p>\n\n\n\n<hr class=\"wp-block-separator\"\/>\n\n\n\n<p style=\"text-align:center\"><strong>Darstellung des Bauvorhabens des RZV<\/strong><\/p>\n\n\n\n<figure class=\"wp-block-image\"><a href=\"https:\/\/schoenes-wolkersdorf.de\/wp-content\/uploads\/2019\/10\/Luftbildaufnahme_2019-10-08.png\" target=\"_blank\" rel=\"noreferrer noopener\"><img loading=\"lazy\" decoding=\"async\" width=\"1024\" height=\"724\" src=\"https:\/\/schoenes-wolkersdorf.de\/wp-content\/uploads\/2019\/10\/Luftbildaufnahme_2019-10-08-1024x724.png\" alt=\"\" class=\"wp-image-215\" srcset=\"https:\/\/schoenes-wolkersdorf.de\/wp-content\/uploads\/2019\/10\/Luftbildaufnahme_2019-10-08-1024x724.png 1024w, https:\/\/schoenes-wolkersdorf.de\/wp-content\/uploads\/2019\/10\/Luftbildaufnahme_2019-10-08-300x212.png 300w, https:\/\/schoenes-wolkersdorf.de\/wp-content\/uploads\/2019\/10\/Luftbildaufnahme_2019-10-08-768x543.png 768w, https:\/\/schoenes-wolkersdorf.de\/wp-content\/uploads\/2019\/10\/Luftbildaufnahme_2019-10-08.png 1486w\" sizes=\"auto, (max-width: 1024px) 100vw, 1024px\" \/><\/a><figcaption>F\u00fcr eine gr\u00f6\u00dfere Darstellung in das Bild klicken<\/figcaption><\/figure>\n","protected":false},"excerpt":{"rendered":"","protected":false},"author":1,"featured_media":0,"parent":0,"menu_order":1,"comment_status":"closed","ping_status":"closed","template":"","meta":{"footnotes":""},"class_list":["post-64","page","type-page","status-publish","hentry"],"yoast_head":"<!-- This site is optimized with the Yoast SEO plugin v27.4 - https:\/\/yoast.com\/product\/yoast-seo-wordpress\/ -->\n<title>B\u00fcrgerinitiative gegen die Ansiedlung des Rinderzuchtverbandes in Wolkersdorf - Sch\u00f6nes Wolkersdorf<\/title>\n<meta name=\"robots\" content=\"index, follow, max-snippet:-1, max-image-preview:large, max-video-preview:-1\" \/>\n<link rel=\"canonical\" href=\"https:\/\/schoenes-wolkersdorf.de\/\" \/>\n<meta property=\"og:locale\" content=\"de_DE\" \/>\n<meta property=\"og:type\" content=\"article\" \/>\n<meta property=\"og:title\" content=\"B\u00fcrgerinitiative gegen die Ansiedlung des Rinderzuchtverbandes in Wolkersdorf - Sch\u00f6nes Wolkersdorf\" \/>\n<meta property=\"og:url\" content=\"https:\/\/schoenes-wolkersdorf.de\/\" \/>\n<meta property=\"og:site_name\" content=\"Sch\u00f6nes Wolkersdorf\" \/>\n<meta property=\"article:modified_time\" content=\"2019-10-31T19:12:47+00:00\" \/>\n<meta property=\"og:image\" content=\"https:\/\/schoenes-wolkersdorf.de\/wp-content\/uploads\/2019\/10\/Chiemgau24_2019-10-31_19-32-48.png\" \/>\n<meta name=\"twitter:card\" content=\"summary_large_image\" \/>\n<meta name=\"twitter:label1\" content=\"Gesch\u00e4tzte Lesezeit\" \/>\n\t<meta name=\"twitter:data1\" content=\"1\u00a0Minute\" \/>\n<script type=\"application\/ld+json\" class=\"yoast-schema-graph\">{\"@context\":\"https:\\\/\\\/schema.org\",\"@graph\":[{\"@type\":\"WebPage\",\"@id\":\"https:\\\/\\\/schoenes-wolkersdorf.de\\\/\",\"url\":\"https:\\\/\\\/schoenes-wolkersdorf.de\\\/\",\"name\":\"B\u00fcrgerinitiative gegen die Ansiedlung des Rinderzuchtverbandes in Wolkersdorf - Sch\u00f6nes Wolkersdorf\",\"isPartOf\":{\"@id\":\"https:\\\/\\\/schoenes-wolkersdorf.de\\\/#website\"},\"primaryImageOfPage\":{\"@id\":\"https:\\\/\\\/schoenes-wolkersdorf.de\\\/#primaryimage\"},\"image\":{\"@id\":\"https:\\\/\\\/schoenes-wolkersdorf.de\\\/#primaryimage\"},\"thumbnailUrl\":\"https:\\\/\\\/schoenes-wolkersdorf.de\\\/wp-content\\\/uploads\\\/2019\\\/10\\\/Chiemgau24_2019-10-31_19-32-48.png\",\"datePublished\":\"2019-10-04T09:37:25+00:00\",\"dateModified\":\"2019-10-31T19:12:47+00:00\",\"breadcrumb\":{\"@id\":\"https:\\\/\\\/schoenes-wolkersdorf.de\\\/#breadcrumb\"},\"inLanguage\":\"de\",\"potentialAction\":[{\"@type\":\"ReadAction\",\"target\":[\"https:\\\/\\\/schoenes-wolkersdorf.de\\\/\"]}]},{\"@type\":\"ImageObject\",\"inLanguage\":\"de\",\"@id\":\"https:\\\/\\\/schoenes-wolkersdorf.de\\\/#primaryimage\",\"url\":\"https:\\\/\\\/schoenes-wolkersdorf.de\\\/wp-content\\\/uploads\\\/2019\\\/10\\\/Chiemgau24_2019-10-31_19-32-48.png\",\"contentUrl\":\"https:\\\/\\\/schoenes-wolkersdorf.de\\\/wp-content\\\/uploads\\\/2019\\\/10\\\/Chiemgau24_2019-10-31_19-32-48.png\",\"width\":663,\"height\":373,\"caption\":\"B\u00fcrgerinitiative r\u00fcstet f\u00fcr B\u00fcrgerbegehren: \\\"Sind eine breite Macht\\\"\"},{\"@type\":\"BreadcrumbList\",\"@id\":\"https:\\\/\\\/schoenes-wolkersdorf.de\\\/#breadcrumb\",\"itemListElement\":[{\"@type\":\"ListItem\",\"position\":1,\"name\":\"Startseite\",\"item\":\"https:\\\/\\\/schoenes-wolkersdorf.de\\\/\"},{\"@type\":\"ListItem\",\"position\":2,\"name\":\"B\u00fcrgerinitiative gegen die Ansiedlung des Rinderzuchtverbandes in Wolkersdorf\"}]},{\"@type\":\"WebSite\",\"@id\":\"https:\\\/\\\/schoenes-wolkersdorf.de\\\/#website\",\"url\":\"https:\\\/\\\/schoenes-wolkersdorf.de\\\/\",\"name\":\"Sch\u00f6nes Wolkersdorf\",\"description\":\"B\u00fcrgerinitiative gegen die Ansiedlung des Rinderzuchtverbandes in Wolkersdorf\",\"publisher\":{\"@id\":\"https:\\\/\\\/schoenes-wolkersdorf.de\\\/#organization\"},\"potentialAction\":[{\"@type\":\"SearchAction\",\"target\":{\"@type\":\"EntryPoint\",\"urlTemplate\":\"https:\\\/\\\/schoenes-wolkersdorf.de\\\/?s={search_term_string}\"},\"query-input\":{\"@type\":\"PropertyValueSpecification\",\"valueRequired\":true,\"valueName\":\"search_term_string\"}}],\"inLanguage\":\"de\"},{\"@type\":\"Organization\",\"@id\":\"https:\\\/\\\/schoenes-wolkersdorf.de\\\/#organization\",\"name\":\"B\u00fcrgerinitiative gegen die Ansiedlung des Rinderzuchtverbandes in Wolkersdorf\",\"url\":\"https:\\\/\\\/schoenes-wolkersdorf.de\\\/\",\"logo\":{\"@type\":\"ImageObject\",\"inLanguage\":\"de\",\"@id\":\"https:\\\/\\\/schoenes-wolkersdorf.de\\\/#\\\/schema\\\/logo\\\/image\\\/\",\"url\":\"https:\\\/\\\/schoenes-wolkersdorf.de\\\/wp-content\\\/uploads\\\/2019\\\/10\\\/Wolkerdorf-Ortsschild.jpg\",\"contentUrl\":\"https:\\\/\\\/schoenes-wolkersdorf.de\\\/wp-content\\\/uploads\\\/2019\\\/10\\\/Wolkerdorf-Ortsschild.jpg\",\"width\":315,\"height\":334,\"caption\":\"B\u00fcrgerinitiative gegen die Ansiedlung des Rinderzuchtverbandes in Wolkersdorf\"},\"image\":{\"@id\":\"https:\\\/\\\/schoenes-wolkersdorf.de\\\/#\\\/schema\\\/logo\\\/image\\\/\"}}]}<\/script>\n<!-- \/ Yoast SEO plugin. -->","yoast_head_json":{"title":"B\u00fcrgerinitiative gegen die Ansiedlung des Rinderzuchtverbandes in Wolkersdorf - Sch\u00f6nes Wolkersdorf","robots":{"index":"index","follow":"follow","max-snippet":"max-snippet:-1","max-image-preview":"max-image-preview:large","max-video-preview":"max-video-preview:-1"},"canonical":"https:\/\/schoenes-wolkersdorf.de\/","og_locale":"de_DE","og_type":"article","og_title":"B\u00fcrgerinitiative gegen die Ansiedlung des Rinderzuchtverbandes in Wolkersdorf - Sch\u00f6nes Wolkersdorf","og_url":"https:\/\/schoenes-wolkersdorf.de\/","og_site_name":"Sch\u00f6nes Wolkersdorf","article_modified_time":"2019-10-31T19:12:47+00:00","og_image":[{"url":"https:\/\/schoenes-wolkersdorf.de\/wp-content\/uploads\/2019\/10\/Chiemgau24_2019-10-31_19-32-48.png","type":"","width":"","height":""}],"twitter_card":"summary_large_image","twitter_misc":{"Gesch\u00e4tzte Lesezeit":"1\u00a0Minute"},"schema":{"@context":"https:\/\/schema.org","@graph":[{"@type":"WebPage","@id":"https:\/\/schoenes-wolkersdorf.de\/","url":"https:\/\/schoenes-wolkersdorf.de\/","name":"B\u00fcrgerinitiative gegen die Ansiedlung des Rinderzuchtverbandes in Wolkersdorf - Sch\u00f6nes Wolkersdorf","isPartOf":{"@id":"https:\/\/schoenes-wolkersdorf.de\/#website"},"primaryImageOfPage":{"@id":"https:\/\/schoenes-wolkersdorf.de\/#primaryimage"},"image":{"@id":"https:\/\/schoenes-wolkersdorf.de\/#primaryimage"},"thumbnailUrl":"https:\/\/schoenes-wolkersdorf.de\/wp-content\/uploads\/2019\/10\/Chiemgau24_2019-10-31_19-32-48.png","datePublished":"2019-10-04T09:37:25+00:00","dateModified":"2019-10-31T19:12:47+00:00","breadcrumb":{"@id":"https:\/\/schoenes-wolkersdorf.de\/#breadcrumb"},"inLanguage":"de","potentialAction":[{"@type":"ReadAction","target":["https:\/\/schoenes-wolkersdorf.de\/"]}]},{"@type":"ImageObject","inLanguage":"de","@id":"https:\/\/schoenes-wolkersdorf.de\/#primaryimage","url":"https:\/\/schoenes-wolkersdorf.de\/wp-content\/uploads\/2019\/10\/Chiemgau24_2019-10-31_19-32-48.png","contentUrl":"https:\/\/schoenes-wolkersdorf.de\/wp-content\/uploads\/2019\/10\/Chiemgau24_2019-10-31_19-32-48.png","width":663,"height":373,"caption":"B\u00fcrgerinitiative r\u00fcstet f\u00fcr B\u00fcrgerbegehren: \"Sind eine breite Macht\""},{"@type":"BreadcrumbList","@id":"https:\/\/schoenes-wolkersdorf.de\/#breadcrumb","itemListElement":[{"@type":"ListItem","position":1,"name":"Startseite","item":"https:\/\/schoenes-wolkersdorf.de\/"},{"@type":"ListItem","position":2,"name":"B\u00fcrgerinitiative gegen die Ansiedlung des Rinderzuchtverbandes in Wolkersdorf"}]},{"@type":"WebSite","@id":"https:\/\/schoenes-wolkersdorf.de\/#website","url":"https:\/\/schoenes-wolkersdorf.de\/","name":"Sch\u00f6nes Wolkersdorf","description":"B\u00fcrgerinitiative gegen die Ansiedlung des Rinderzuchtverbandes in Wolkersdorf","publisher":{"@id":"https:\/\/schoenes-wolkersdorf.de\/#organization"},"potentialAction":[{"@type":"SearchAction","target":{"@type":"EntryPoint","urlTemplate":"https:\/\/schoenes-wolkersdorf.de\/?s={search_term_string}"},"query-input":{"@type":"PropertyValueSpecification","valueRequired":true,"valueName":"search_term_string"}}],"inLanguage":"de"},{"@type":"Organization","@id":"https:\/\/schoenes-wolkersdorf.de\/#organization","name":"B\u00fcrgerinitiative gegen die Ansiedlung des Rinderzuchtverbandes in Wolkersdorf","url":"https:\/\/schoenes-wolkersdorf.de\/","logo":{"@type":"ImageObject","inLanguage":"de","@id":"https:\/\/schoenes-wolkersdorf.de\/#\/schema\/logo\/image\/","url":"https:\/\/schoenes-wolkersdorf.de\/wp-content\/uploads\/2019\/10\/Wolkerdorf-Ortsschild.jpg","contentUrl":"https:\/\/schoenes-wolkersdorf.de\/wp-content\/uploads\/2019\/10\/Wolkerdorf-Ortsschild.jpg","width":315,"height":334,"caption":"B\u00fcrgerinitiative gegen die Ansiedlung des Rinderzuchtverbandes in Wolkersdorf"},"image":{"@id":"https:\/\/schoenes-wolkersdorf.de\/#\/schema\/logo\/image\/"}}]}},"_links":{"self":[{"href":"https:\/\/schoenes-wolkersdorf.de\/index.php?rest_route=\/wp\/v2\/pages\/64","targetHints":{"allow":["GET"]}}],"collection":[{"href":"https:\/\/schoenes-wolkersdorf.de\/index.php?rest_route=\/wp\/v2\/pages"}],"about":[{"href":"https:\/\/schoenes-wolkersdorf.de\/index.php?rest_route=\/wp\/v2\/types\/page"}],"author":[{"embeddable":true,"href":"https:\/\/schoenes-wolkersdorf.de\/index.php?rest_route=\/wp\/v2\/users\/1"}],"replies":[{"embeddable":true,"href":"https:\/\/schoenes-wolkersdorf.de\/index.php?rest_route=%2Fwp%2Fv2%2Fcomments&post=64"}],"version-history":[{"count":41,"href":"https:\/\/schoenes-wolkersdorf.de\/index.php?rest_route=\/wp\/v2\/pages\/64\/revisions"}],"predecessor-version":[{"id":318,"href":"https:\/\/schoenes-wolkersdorf.de\/index.php?rest_route=\/wp\/v2\/pages\/64\/revisions\/318"}],"wp:attachment":[{"href":"https:\/\/schoenes-wolkersdorf.de\/index.php?rest_route=%2Fwp%2Fv2%2Fmedia&parent=64"}],"curies":[{"name":"wp","href":"https:\/\/api.w.org\/{rel}","templated":true}]}}